{"id":57,"date":"2020-01-19T13:43:44","date_gmt":"2020-01-19T13:43:44","guid":{"rendered":"https:\/\/kyronjokimaraton.com\/?page_id=57"},"modified":"2026-01-04T12:24:36","modified_gmt":"2026-01-04T12:24:36","slug":"ryhma","status":"publish","type":"page","link":"https:\/\/kyronjokimaraton.com\/?page_id=57","title":{"rendered":"Ryhm\u00e4"},"content":{"rendered":"<p><span style=\"color: #000000;\">Ryhm\u00e4n ilmoittaminen ja hinnat<\/span><\/p>\n<p><span style=\"color: #000000;\">Ryhm\u00e4hinnoittelu\u00a0 Kyr\u00f6njoki-maratonilla 2026<\/span><\/p>\n<p><span style=\"color: #000000;\">Yksi yhteyshenkil\u00f6 ker\u00e4\u00e4 osallistujalistan ja l\u00e4hett\u00e4\u00e4 sen s\u00e4hk\u00f6postilla <strong>kjm(a)kyronjokimaraton.com<\/strong> \u2013osoitteeseen viimeist\u00e4\u00e4n 15.4.2026 Ilmoittautumismaksu pit\u00e4\u00e4 maksaa viimeist\u00e4\u00e4n 15.4.2026, ett\u00e4 ilmoittautuminen on voimassa. Ilmoittaessasi s\u00e4hk\u00f6postilla ryhm\u00e4si j\u00e4senet (nimi, sarja\/matka sek\u00e4 seura tai paikkakunta), kuittaan ilmoittautumisen vastaanotetuksi viestill\u00e4 ja l\u00e4het\u00e4n laskun.<\/span><\/p>\n<p><span style=\"color: #000000;\">Ryhm\u00e4koot:<\/span><\/p>\n<p><span style=\"color: #000000;\">Ryhm\u00e4n koko t\u00e4ytyy olla v\u00e4hint\u00e4\u00e4n 4 maksavaa osallistujaa, riippumatta sarjasta.<\/span><\/p>\n<p><span style=\"color: #000000;\">Hinnat:<\/span><\/p>\n<ol>\n<li><span style=\"color: #000000;\">Maraton 45\u20ac<\/span><\/li>\n<li><span style=\"color: #000000;\">\u00bdmaraton 35\u20ac<\/span><\/li>\n<li><span style=\"color: #000000;\">10,5km 15\u20ac<\/span><\/li>\n<\/ol>\n<p><span style=\"color: #000000;\">Lis\u00e4alennus:<\/span><\/p>\n<ul>\n<li><span style=\"color: #000000;\">Jos ryhm\u00e4ss\u00e4si on 5 maksavaa ilmoittautujaa, kuudes (yhteyshenkil\u00f6) saa ilmoittautumisensa \u00bdhintaan valitsemassaan sarjassa<\/span><\/li>\n<li><span style=\"color: #000000;\">Jos ryhm\u00e4ss\u00e4si on 10 maksavaa ilmoittautujaa, saa 11. ilmaisen osallistumisen valitsemassaan sarjassa<\/span><\/li>\n<li><span style=\"color: #000000;\">Muista m\u00e4\u00e4rist\u00e4 sovitaan erikseen<\/span><\/li>\n<li><span style=\"color: #000000;\">Juoksijakorttialennukset eiv\u00e4t ole erikseen voimassa ryhmiss\u00e4.<\/span><\/li>\n<\/ul>\n<p>&nbsp;<\/p>\n<p><span style=\"color: #000000;\">TYKY-tempaus.<\/span><\/p>\n<p><span style=\"color: #000000;\">Yritysten henkil\u00f6kunnalleen maksamissa TYKY-tapahtumissa osallistumisilmoittautumiset ja maksut sovitaan erikseen, ota yhteytt\u00e4 s\u00e4hk\u00f6postilla kjm(a)kyronjokimaraton.com<\/span><\/p>\n ","protected":false},"excerpt":{"rendered":"<p>Ryhm\u00e4n ilmoittaminen ja hinnat Ryhm\u00e4hinnoittelu\u00a0 Kyr\u00f6njoki-maratonilla 2026 Yksi yhteyshenkil\u00f6 ker\u00e4\u00e4 osallistujalistan ja l\u00e4hett\u00e4\u00e4 sen s\u00e4hk\u00f6postilla kjm(a)kyronjokimaraton.com \u2013osoitteeseen viimeist\u00e4\u00e4n 15.4.2026 Ilmoittautumismaksu pit\u00e4\u00e4 maksaa viimeist\u00e4\u00e4n 15.4.2026, ett\u00e4 ilmoittautuminen on voimassa. Ilmoittaessasi s\u00e4hk\u00f6postilla ryhm\u00e4si j\u00e4senet (nimi, sarja\/matka sek\u00e4 seura tai paikkakunta), kuittaan ilmoittautumisen vastaanotetuksi viestill\u00e4 ja l\u00e4het\u00e4n laskun. Ryhm\u00e4koot: Ryhm\u00e4n koko t\u00e4ytyy olla v\u00e4hint\u00e4\u00e4n 4 maksavaa osallistujaa, riippumatta [&hellip;]<\/p>\n","protected":false},"author":1,"featured_media":0,"parent":0,"menu_order":0,"comment_status":"closed","ping_status":"closed","template":"","meta":{"footnotes":""},"class_list":["post-57","page","type-page","status-publish","hentry"],"_links":{"self":[{"href":"https:\/\/kyronjokimaraton.com\/index.php?rest_route=\/wp\/v2\/pages\/57","targetHints":{"allow":["GET"]}}],"collection":[{"href":"https:\/\/kyronjokimaraton.com\/index.php?rest_route=\/wp\/v2\/pages"}],"about":[{"href":"https:\/\/kyronjokimaraton.com\/index.php?rest_route=\/wp\/v2\/types\/page"}],"author":[{"embeddable":true,"href":"https:\/\/kyronjokimaraton.com\/index.php?rest_route=\/wp\/v2\/users\/1"}],"replies":[{"embeddable":true,"href":"https:\/\/kyronjokimaraton.com\/index.php?rest_route=%2Fwp%2Fv2%2Fcomments&post=57"}],"version-history":[{"count":10,"href":"https:\/\/kyronjokimaraton.com\/index.php?rest_route=\/wp\/v2\/pages\/57\/revisions"}],"predecessor-version":[{"id":624,"href":"https:\/\/kyronjokimaraton.com\/index.php?rest_route=\/wp\/v2\/pages\/57\/revisions\/624"}],"wp:attachment":[{"href":"https:\/\/kyronjokimaraton.com\/index.php?rest_route=%2Fwp%2Fv2%2Fmedia&parent=57"}],"curies":[{"name":"wp","href":"https:\/\/api.w.org\/{rel}","templated":true}]}}