{"id":283,"date":"2021-10-26T19:02:52","date_gmt":"2021-10-26T19:02:52","guid":{"rendered":"https:\/\/kyronjokimaraton.com\/?page_id=283"},"modified":"2021-12-06T19:25:04","modified_gmt":"2021-12-06T19:25:04","slug":"reitti","status":"publish","type":"page","link":"https:\/\/kyronjokimaraton.com\/?page_id=283","title":{"rendered":"Reitti"},"content":{"rendered":"<p><img loading=\"lazy\" decoding=\"async\" class=\"alignleft size-full wp-image-306\" src=\"https:\/\/kyronjokimaraton.com\/wp-content\/uploads\/2021\/12\/Reittikartta.jpg\" alt=\"\" width=\"2050\" height=\"1132\" srcset=\"https:\/\/kyronjokimaraton.com\/wp-content\/uploads\/2021\/12\/Reittikartta.jpg 2050w, https:\/\/kyronjokimaraton.com\/wp-content\/uploads\/2021\/12\/Reittikartta-543x300.jpg 543w, https:\/\/kyronjokimaraton.com\/wp-content\/uploads\/2021\/12\/Reittikartta-1024x565.jpg 1024w, https:\/\/kyronjokimaraton.com\/wp-content\/uploads\/2021\/12\/Reittikartta-768x424.jpg 768w, https:\/\/kyronjokimaraton.com\/wp-content\/uploads\/2021\/12\/Reittikartta-1536x848.jpg 1536w, https:\/\/kyronjokimaraton.com\/wp-content\/uploads\/2021\/12\/Reittikartta-2048x1131.jpg 2048w, https:\/\/kyronjokimaraton.com\/wp-content\/uploads\/2021\/12\/Reittikartta-2x1.jpg 2w\" sizes=\"auto, (max-width: 2050px) 100vw, 2050px\" \/><\/p>\n<p>&nbsp;<\/p>\n<p><span style=\"color: #000000;\">Reitti l\u00e4htee nuorisoseuran edest\u00e4 Alap\u00e4\u00e4ntie 327 kirkolle p\u00e4in, juuri ennen VT16 k\u00e4\u00e4nnyt\u00e4\u00e4n Rantatielle ja siit\u00e4 Paakkarin sillan yli kevyenliikenteen v\u00e4yl\u00e4\u00e4 pitkin Reinil\u00e4ntielle. Reinil\u00e4ntien alussa 1. huoltopiste, noin 4 km l\u00e4hd\u00f6st\u00e4. <\/span><\/p>\n<p><span style=\"color: #000000;\">T\u00e4st\u00e4 jatketaan Reinil\u00e4ntiet\u00e4 l\u00e4helle Isokyr\u00f6n rajaa, jossa k\u00e4\u00e4nt\u00f6paikka. 2. huoltopiste on Heikkolan riippusillan l\u00e4hes kohdalla ment\u00e4ess\u00e4 sillasta ohi k\u00e4\u00e4nt\u00f6paikalle.<\/span><\/p>\n<p><span style=\"color: #000000;\">K\u00e4\u00e4nt\u00f6paikalta palataan takaisinp\u00e4in Heikkolan riippusillalle ja siit\u00e4 jatketaan vasemmalle Alap\u00e4\u00e4ntielle ja joko ohitetaan nuorisoseura ja aloitetaan uusi kierros, tai k\u00e4\u00e4nnyt\u00e4\u00e4n seuran pihaan ensimm\u00e4isest\u00e4 liittym\u00e4st\u00e4, jossa 20 metri\u00e4 ja saavutaan maaliin. Jatkettaessa seuraavalle kierrokselle, on 3. huoltopiste heti seuran j\u00e4lkeen\u00a0 vasemmalla.<\/span><\/p>\n<p><span style=\"color: #000000;\">Yksi kierros on 10,5 km, kierroksella 2 huoltopistett\u00e4.<\/span><\/p>\n<p><span style=\"color: #000000;\">Puolimaraton on 2 kierrosta, reitill\u00e4 5 huoltopistett\u00e4.<\/span><\/p>\n<p><span style=\"color: #000000;\">T\u00e4ysi maraton on 4 kierrosta, reitill\u00e4 11 huoltopistett\u00e4.<\/span><\/p>\n<p><strong><span style=\"color: #000000;\">HUOMIOITHAN ETT\u00c4 MAALI ON AINA KAIKILLA MATKOILLA SEURAN PIHASSA, AJANOTTOVAUNUN EDESS\u00c4.<\/span><\/strong><\/p>\n<p><span style=\"color: #000000;\">Reitill\u00e4 kilpailijat ovat omalla vastuulla ja ainoastaan rantatielt\u00e4 ment\u00e4ess\u00e4 Paakkarin siltaa yli, menn\u00e4\u00e4n kevyenliikenteen v\u00e4yl\u00e4\u00e4 ja Heikkolan silta on kevyenliikenteen silta, muilta osin juostaan muun liikenteen seassa. Reitill\u00e4 on varoitukset kilpailijoista ja liikenteen ohjaajia, mutta liikennett\u00e4 ei ole suljettu.<\/span><\/p>\n<p><strong><span style=\"color: #000000;\">Ohitettaessa 2. huoltopiste, siirryt\u00e4\u00e4n tien oikeaan laitaan ja k\u00e4\u00e4nt\u00f6paikalta Heikkolan sillalle juostaan tien oikeaa laitaa.<\/span><\/strong><\/p>\n<p><strong><span style=\"color: #000000;\">HUOMIOITHAN MUUN LIIKENTEEN<\/span><\/strong><\/p>\n<p><strong><span style=\"color: #000000;\">REITILL\u00c4 OLET OMALLA VASTUULLA, KILPAILIJOITA EI OLE VAKUUTETTU J\u00c4RJEST\u00c4J\u00c4N PUOLESTA<\/span><\/strong><\/p>\n ","protected":false},"excerpt":{"rendered":"<p>&nbsp; Reitti l\u00e4htee nuorisoseuran edest\u00e4 Alap\u00e4\u00e4ntie 327 kirkolle p\u00e4in, juuri ennen VT16 k\u00e4\u00e4nnyt\u00e4\u00e4n Rantatielle ja siit\u00e4 Paakkarin sillan yli kevyenliikenteen v\u00e4yl\u00e4\u00e4 pitkin Reinil\u00e4ntielle. Reinil\u00e4ntien alussa 1. huoltopiste, noin 4 km l\u00e4hd\u00f6st\u00e4. T\u00e4st\u00e4 jatketaan Reinil\u00e4ntiet\u00e4 l\u00e4helle Isokyr\u00f6n rajaa, jossa k\u00e4\u00e4nt\u00f6paikka. 2. huoltopiste on Heikkolan riippusillan l\u00e4hes kohdalla ment\u00e4ess\u00e4 sillasta ohi k\u00e4\u00e4nt\u00f6paikalle. K\u00e4\u00e4nt\u00f6paikalta palataan takaisinp\u00e4in Heikkolan riippusillalle [&hellip;]<\/p>\n","protected":false},"author":1,"featured_media":0,"parent":0,"menu_order":0,"comment_status":"closed","ping_status":"closed","template":"","meta":{"footnotes":""},"class_list":["post-283","page","type-page","status-publish","hentry"],"_links":{"self":[{"href":"https:\/\/kyronjokimaraton.com\/index.php?rest_route=\/wp\/v2\/pages\/283","targetHints":{"allow":["GET"]}}],"collection":[{"href":"https:\/\/kyronjokimaraton.com\/index.php?rest_route=\/wp\/v2\/pages"}],"about":[{"href":"https:\/\/kyronjokimaraton.com\/index.php?rest_route=\/wp\/v2\/types\/page"}],"author":[{"embeddable":true,"href":"https:\/\/kyronjokimaraton.com\/index.php?rest_route=\/wp\/v2\/users\/1"}],"replies":[{"embeddable":true,"href":"https:\/\/kyronjokimaraton.com\/index.php?rest_route=%2Fwp%2Fv2%2Fcomments&post=283"}],"version-history":[{"count":6,"href":"https:\/\/kyronjokimaraton.com\/index.php?rest_route=\/wp\/v2\/pages\/283\/revisions"}],"predecessor-version":[{"id":310,"href":"https:\/\/kyronjokimaraton.com\/index.php?rest_route=\/wp\/v2\/pages\/283\/revisions\/310"}],"wp:attachment":[{"href":"https:\/\/kyronjokimaraton.com\/index.php?rest_route=%2Fwp%2Fv2%2Fmedia&parent=283"}],"curies":[{"name":"wp","href":"https:\/\/api.w.org\/{rel}","templated":true}]}}